d by 1819?
367
Calculate the remainder when 367791 is divided by 9677.
65
What is the remainder when 801577 is divided by 10975?
402
What is the remainder when 1068114 is divided by 1687?
243
What is the remainder when 195783 is divided by 12228?
135
Calculate the remainder when 181283 is divided by 25893.
32
Calculate the remainder when 529903 is divided by 88312.
31
What is the remainder when 487932808 is divided by 170?
168
Calculate the remainder when 26414 is divided by 12416.
1582
Calculate the remainder when 45759 is divided by 5060.
219
What is the remainder when 9159809 is divided by 69?
59
Calculate the remainder when 262206 is divided by 99.
54
Calculate the remainder when 7308839 is divided by 490.
489
What is the remainder when 148623 is divided by 10611?
69
What is the remainder when 311480 is divided by 77773?
388
What is the remainder when 698263 is divided by 27?
16
What is the remainder when 5713 is divided by 21?
1
Calculate the remainder when 464589864 is divided by 1706.
2
Calculate the remainder when 17372366 is divided by 1737233.
36
Calculate the remainder when 1188561 is divided by 11.
0
Calculate the remainder when 26587199 is divided by 31.
18
Calculate the remainder when 174701 is divided by 9380.
5861
Calculate the remainder when 741330 is divided by 370603.
124
What is the remainder when 1390675 is divided by 69?
49
What is the remainder when 51879161 is divided by 95718?
5
What is the remainder when 1528322 is divided by 80437?
19
What is the remainder when 202819 is divided by 4507?
4
Calculate the remainder when 3812839 is divided by 199.
198
Calculate the remainder when 32245011 is divided by 1523.
55
What is the remainder when 898516 is divided by 2396?
16
What is the remainder when 4249241 is divided by 7035?
101
Calculate the remainder when 2481464 is divided by 103.
91
Calculate the remainder when 406180 is divided by 43.
2
What is the remainder when 16758 is divided by 2312?
574
Calculate the remainder when 1471840 is divided by 81754.
268
What is the remainder when 2103552 is divided by 273?
87
What is the remainder when 31337 is divided by 1464?
593
Calculate the remainder when 331392 is divided by 4667.
35
Calculate the remainder when 43440 is divided by 6982.
1548
Calculate the remainder when 215181 is divided by 13210.
3821
What is the remainder when 3766769 is divided by 425?
419
What is the remainder when 2234423 is divided by 446732?
763
Calculate the remainder when 606166 is divided by 26350.
116
What is the remainder when 193902 is divided by 203?
37
What is the remainder when 117781 is divided by 10624?
917
What is the remainder when 26747473 is divided by 1485967?
67
Calculate the remainder when 558560 is divided by 44.
24
Calculate the remainder when 520193 is divided by 674.
539
Calculate the remainder when 14857554 is divided by 868.
866
What is the remainder when 1628881 is divided by 45246?
25
Calculate the remainder when 130495821 is divided by 65247908.
5
What is the remainder when 53443804 is divided by 1952?
1948
Calculate the remainder when 1177288 is divided by 1709.
1496
Calculate the remainder when 24701 is divided by 704.
61
Calculate the remainder when 641069 is divided by 19016.
13541
What is the remainder when 4254777 is divided by 9?
0
Calculate the remainder when 67406 is divided by 865.
801
Calculate the remainder when 60262500 is divided by 72693.
3
Calculate the remainder when 22433097 is divided by 17.
16
Calculate the remainder when 864282 is divided by 2635.
2
Calculate the remainder when 132551 is divided by 1309.
342
Calculate the remainder when 944212 is divided by 31.
14
What is the remainder when 531040 is divided by 265520?
0
Calculate the remainder when 1243755 is divided by 66.
51
Calculate the remainder when 1091837 is divided by 545913.
11
What is the remainder when 5280728 is divided by 98?
96
What is the remainder when 785470 is divided by 484?
422
Calculate the remainder when 5046 is divided by 36.
6
Calculate the remainder when 58028829 is divided by 8.
5
What is the remainder when 17546 is divided by 7889?
1768
What is the remainder when 60309 is divided by 2148?
165
Calculate the remainder when 1919030 is divided by 83.
70
What is the remainder when 1577510 is divided by 6215?
5115
What is the remainder when 11513275 is divided by 23837?
4
Calculate the remainder when 20096694 is divided by 318995.
9
What is the remainder when 135555117 is divided by 120?
117
What is the remainder when 35154954 is divided by 80?
74
Calculate the remainder when 104475 is divided by 395.
195
What is the remainder when 34804 is divided by 389?
183
What is the remainder when 4969573 is divided by 14?
7
Calculate the remainder when 11374 is divided by 738.
304
What is the remainder when 1471957 is divided by 117?
97
What is the remainder when 2989342 is divided by 1494286?
770
What is the remainder when 85629 is divided by 1425?
129
What is the remainder when 222234 is divided by 176?
122
Calculate the remainder when 369655 is divided by 59.
20
What is the remainder when 511801058 is divided by 10?
8
What is the remainder when 8251365 is divided by 208?
5
Calculate the remainder when 222945 is divided by 3597.
3528
What is the remainder when 700516 is divided by 2335?
16
What is the remainder when 31123672 is divided by 3070?
12
Calculate the remainder when 1710029 is divided by 243.
38
What is the remainder when 9323963 is divided by 3628?
3
What is the remainder when 141707254 is divided by 47235723?
85
What is the remainder when 9646184 is divided by 1710?
74
Calculate the remainder when 592471 is divided by 2890.
21
What is the remainder when 7086811 is divided by 4874?
15
Calculate the remainder when 1267621 is divided by 3161.
60
Calculate the remainder when 16238 is divided by 7997.
244
Calculate the remainder when 91123704 is divided by 45.
9
What is the remainder when 1448761 is divided by 361?
68
Calculate the remainder when 133883893 is divided by 66941934.
25
What is the remainder when 13206556 is divided by 63?
55
Calculate the remainder when 3047111 is divided by 1012.
991
Calculate the remainder when 102139 is divided by 1660.
879
What is the remainder when 2221610 is divided by 3601?
3394
Calculate the remainder when 159808 is divided by 269.
22
Calculate the remainder when 9367999 is divided by 4633.
73
What is the remainder when 503018 is divided by 277?
263
What is the remainder when 1574292 is divided by 112364?
1196
Calculate the remainder when 275266 is divided by 272563.
2703
Calculate the remainder when 39983 is divided by 7.
6
Calculate the remainder when 1616646 is divided by 57725.
346
Calculate the remainder when 2288671 is divided by 33.
22
What is the remainder when 88154201 is divided by 31?
28
Calculate the remainder when 16706 is divided by 1995.
746
What is the remainder when 90984 is divided by 18180?
84
What is the remainder when 49178396 is divided by 182?
176
Calculate the remainder when 15921968 is divided by 171.
158
What is the remainder when 18527943 is divided by 318?
309
Calculate the remainder when 11694015 is divided by 730870.
95
What is the remainder when 2609596 is divided by 1864?
1860
What is the remainder when 103568861 is divided by 9415350?
11
What is the remainder when 141029 is divided by 1455?
1349
Calculate the remainder when 14523537 is divided by 14197.
6
Calculate the remainder when 2349603 is divided by 5.
3
Calculate the remainder when 193336517 is divided by 773346.
17
What is the remainder when 2931115 is divided by 637?
278
Calculate the remainder when 133398980 is divided by 171.
170
Calculate the remainder when 70274831 is divided by 4778.
7
Calculate the remainder when 2328919 is divided by 1459.
355
What is the remainder when 123350 is divided by 123304?
46
What is the remainder when 31117470 is divided by 15558715?
40
Calculate the remainder when 69784 is divided by 9267.
4915
Calculate the remainder when 161020123 is divided by 2384.
2379
What is the remainder when 1481917 is divided by 9814?
3
What is the remainder when 5345476 is divided by 668182?
20
What is the remainder when 16871915 is divided by 16?
11
What is the remainder when 658681 is divided by 3965?
491
What is the remainder when 63830 